e -16*v = 2*j - x*v + 20, -3*j = 5*v - 20. Let i(p) = p + 15. Determine i(j).
15
Let x(s) = 1 + 0*s - 2 - s. Suppose 459 = 3*j + 3*h, -4*j - 4*h + 624 = -6*h. Let n = j - 149. Give x(n).
-7
Suppose 48 - 48 - 69 = 69*j. Let g(v) = -103*v - 5. Let q(a) = -34*a - 2. Let f(w) = -3*g(w) + 8*q(w). Determine f(j).
-38
Suppose 5*z - 3*l = 30, -4*z = -z - 5*l - 18. Suppose -2*c - 4 = -z. Let x(n) = n**2 - 1 - c + 3 - 15*n + 10*n. Give x(4).
-3
Let p be 6/(-5)*5/1. Let o(u) = -3*u**2 - 6*u - 5. Let j(r) = 13*r**2 + 23*r + 20. Suppose 62*c + 4 = 64*c. Let a(y) = c*j(y) + 9*o(y). Give a(p).
7
Let x(i) = -6*i**2 - 37*i - 7. Suppose 3*k + 5*c = -13, 181*k + c = 180*k - 5. Determine x(k).
-1
Let x(o) = 11*o**2 + 15*o - 26. Let l(k) = 13*k**2 + 16*k - 28. Let h(u) = 6*l(u) - 7*x(u). What is h(5)?
-6
Suppose -19*w - 16 = -7*w + 4*w. Let o(v) = -6*v - 1. Calculate o(w).
5
Let b(w) = w**3 - 5*w**2 - 2. Let o be b(5). Suppose 5*q - 8*q = -y + 29, 3*y = -3*q + 147. Let l(s) = -32*s - y*s + 121*s - 40*s. Calculate l(o).
-10
Suppose -3 + 8 = 5*b. Let z(o) = 17*o + 24*o - b - 40*o - 3. Give z(6).
2
Let p(l) = -5*l**2 - 13*l - 13. Let m be p(-1). Let i(v) = 2*v**2 + 7*v + 9. Calculate i(m).
24
Let f(r) = 2*r - 2. Let q be f(5). Suppose v - 34 = 10*a - 9*a, 3*v - 100 = 5*a. Suppose v = -q*x - 13. Let z(l) = -2*l + 8. What is z(x)?
20
Let m(k) = -k**3 - 7*k**2 + 3*k + 20. Let g be m(-7). Let w(n) = n**3 - n. Let s be w(g). Let u(z) = -z**2 - 2*z + 15 + z + 2*z**2 + z**3. What is u(s)?
15
Let x(m) = -5 + 58*m**2 + 9*m**3 - 10*m - 68*m**2 - 8*m**3 - 7. Calculate x(11).
-1
Let j(h) = h**2 + 12*h - 12. Suppose -17*r + 711 = -31*r - 65*r. Calculate j(r).
-39
Let k(o) = -2*o**2 + 34*o + 33. Let j(v) = -v**2 + 19*v + 17. Let i(y) = -11*j(y) + 6*k(y). Let f = -27 - -20. What is i(f)?
-3
Suppose -19*r + 144 = 220. Let x(s) = s**2 + 6*s + 4. Give x(r).
-4
Let g(p) be the second derivative of -p**4/12 + 5*p**3/2 - 3*p**2 - 2859*p. Determine g(13).
20
Let q = -8 + 14. Let j(g) = 11*g + 7. Let m(f) = -2*f - 1. Let n(b) = j(b) + 6*m(b). Let l(s) = -3*s - 4. Let u(t) = l(t) - 5*n(t). Calculate u(q).
3
Let n(o) = 4*o + 4. Let p(i) = 1. Let s(b) = n(b) - 5*p(b). Suppose -45*q = -46*q + 64. Suppose -q = t - 65. What is s(t)?
3
Suppose 19*a + 7 = 18*a - 5*q, -a = -5*q - 3. Let i(w) = -w**2 - 7*w + 9. Let l(v) = 3*v - 4. Let z(g) = -4*i(g) - 9*l(g). What is z(a)?
14
Let u = -160 - -303. Let y(w) = 75 - 9*w + 62 - w**2 - u. What is y(-7)?
8
Let w(d) = -6*d - 3. Let h(o) = 3*o + 2. Let f(x) = -10*h(x) - 6*w(x). Let y(s) = 12*s**2 + 231*s + 54. Let p be y(-19). Determine f(p).
-20
Let h(t) = -5*t + 2. Let n(x) be the third derivative of -4*x**3 + 0 + 5/8*x**4 - 1/60*x**5 + 13*x**2 + 0*x. Let p be n(13). Calculate h(p).
-8
Let f(o) be the third derivative of o**5/60 - o**4/12 - 7*o**3/3 + 58*o**2 + 31. Calculate f(-5).
21
Let m(n) = 5*n**2 - n**3 + 6*n**2 - 6*n + 5 - 5*n**2. Let b be (-5 - 3) + 8 + 4/1. Determine m(b).
13
Let v(n) = -11*n**2 + 111*n - 8. Let y be v(10). Let k(j) = -4*j + 2*j - 5*j + y*j. What is k(1)?
-5
Let v(o) = -53*o + 1003. Let f be v(19). Let w(d) = -5*d**2 - 17*d - 2. Calculate w(f).
-14
Let f(h) be the second derivative of 13*h**5/20 - h**3/3 + h**2/2 - 4*h - 174. Calculate f(1).
12
Let g(a) = -8*a - 10*a - 39 - 30*a - 17*a + 63*a. Determine g(-20).
1
Let l(z) = -2*z**3 - 2*z**2 + 10*z - 49. Let u be l(-4). Let a(p) = p**3 - 7*p**2 + 3*p - 9. Calculate a(u).
12
Let o(v) be the second derivative of -v**5/10 - 3*v**4/2 + v**3/6 + 9*v**2/2 + 896*v. Determine o(-9).
0
Let n(x) = -91*x + 13. Let o(y) = 16*y - 2. Let z(v) = 6*n(v) + 34*o(v). What is z(14)?
-18
Let b(n) be the second derivative of n**5/20 - 5*n**4/2 - 16*n**3/3 + 13*n**2 + 8*n + 29. Calculate b(31).
-5
Let r(m) = 9*m**2 - 8*m + 3. Suppose -f - 2*l = 6, 2*l = f + 5*l + 7. Let s(i) = 7*i**2 - 8*i + 3. Let w(v) = f*r(v) + 5*s(v). Calculate w(-7).
10
Suppose o = 4*o - 15. Let x(z) = 0*z + 30*z**3 - 29*z**2 - 9*z - 29*z**3 + 2*z + 24*z**2. Calculate x(o).
-35
Suppose -2*h + 0*h + 10 = -4*j, -h = 4*j + 1. Let m(d) = -19*d**2 + 9*d + 1. Let i(l) = -56*l**2 + 25*l + 3. Let f(k) = -4*i(k) + 11*m(k). Calculate f(j).
15
Suppose 71 + 20 = 13*u. Let z(l) = -25*l**3 + 9*l**2 + 12*l + 2. Let m(r) = 13*r**3 - 5*r**2 - 7*r - 1. Let d(h) = u*m(h) + 4*z(h). What is d(1)?
-8
Let s be -11*2*12*14/(-336). Let n(p) = 2*p + 20. Determine n(s).
42
Let u(k) = 2*k - 5. Suppose 1 + 2 = -3*x. Suppose -23 = 4*s + g, 3 = 4*g - g. Let o = x - s. Give u(o).
5
Let a(m) = m**2 + m - 105. Let x = 10059 + -10070. Determine a(x).
5
Let z = 47 + -37. Let r be z/5*1/2. Suppose n + 10*j = 5*j - 5, -j - r = 4*n. Let a(d) = d**3 + d**2 + 8. Give a(n).
8
Let g(n) = -60*n - 56. Suppose 2*b = 5*v - 81, -4*b - 12*v = -7*v + 87. Let y(c) = 11*c + 10. Let l(q) = b*y(q) - 5*g(q). Give l(2).
-16
Suppose -1 = 6*j - 13. Suppose -l = -j*b + 6 + 6, 2*b - 2*l - 10 = 0. Let s(d) = -d**3 + 8*d**2 - 9*d + 8. Determine s(b).
-6
Let y be ((-1)/(-2))/(2/8). Suppose 20 = -4*n, -5*n - 9 = p + 13. Let c(z) = -p + y*z**2 + 5 - 1 - 2*z. What is c(1)?
1
Let x(h) = -2*h**3 - 26*h**2 - 29*h + 2. Let w(t) = -t**3 - 13*t**2 - 17*t. Let b(y) = 5*w(y) - 3*x(y). What is b(-13)?
-32
Let c(d) = -43*d - 16. Let w(r) = 34*r + 17. Let i(v) = 4*c(v) + 5*w(v). Determine i(14).
-7
Let x be (65/(-4))/((-770)/616). Let n(d) = -d**3 + d**2 + d. Let r(j) = -2*j**3 + 14*j**2 + 18. Let q(l) = -n(l) + r(l). Determine q(x).
5
Let t(f) = 3*f + 6*f + 13 - f**2 + 0*f + 3*f. Let p be t(13). Let h(k) = 3*k**3 - k**2 - 7 + 0*k**3 - k - 2*k**3. Determine h(p).
-7
Suppose -3*i + 9*x - 4*x = -44, 0 = -5*x - 20. Suppose -17 = 5*y - 4*o + o, o = 4*y + i. Let p(m) = m - m + m + m**2 + 2*m**2. What is p(y)?
2
Let r(l) = -4*l**2 + 21*l - 90. Let t(h) = -3*h**2 + 22*h - 81. Let y(p) = -13*r(p) + 14*t(p). Give y(-1).
11
Let o(l) = -17*l - 194. Let t be o(-12). Let y be (24/(-9))/(t/15). Let d(g) = 3*g + 2. Give d(y).
-10
Let n(s) be the first derivative of -s**2/2 - s + 76. Let i(h) = -h**3 + 12*h**2 - 14*h + 9. Let a(c) = i(c) - 3*n(c). Determine a(11).
12
Let y(f) = 8*f - 3560*f**2 - 18 + 7117*f**2 - 3558*f**2. Calculate y(8).
-18
Let q(n) = 16*n**2 - 9*n + 30. Let o(s) = 13*s**2 - 13*s + 31. Let x(v) = 5*o(v) - 4*q(v). Determine x(28).
7
Let t(g) = 38 + g - 9 - 24 - 12. Let d(o) = -3*o + 3. Let k be d(-2). Give t(k).
2
Let x = 16 + -20. Let n be (-7)/x - (-3)/12. Let o(w) = 17 - 4 - 2*w**2 - n*w - 10. Determine o(-3).
-9
Let n(x) = x - 5. Let i(v) = -3*v + 9. Let d(c) = 2*i(c) + 5*n(c). Let a(y) = -209*y + 828. Let f be a(4). Determine d(f).
1
Let n(h) = -h**2 + 20*h - 17. Let v be n(19). Let z(p) = -28*p**2 - 2 + 7*p + 53*p**2 - 26*p**v. Suppose -6*u = -u - 30. Give z(u).
4
Let k(d) = 11*d + 405. Let r be k(-36). Let o(m) = -m**2 + 6*m + 6. Determine o(r).
-21
Let s(n) be the second derivative of -n**4/6 - n**3/2 - 7*n**2 - 2934*n. Calculate s(5).
-79
Let r(u) = -972*u**2 - u + 1950*u**2 - 975*u**2 - 1 + 0*u. Let d(x) = -x**3 - 9*x**2 + x + 11. Let p be d(-9). Give r(p).
9
Let u = 173 - 171. Suppose u*p - 10 = -k, 3*p - 41 = -5*k - 12. Let o(c) = -2*c**2 + 3*c + 2. Calculate o(p).
-7
Let y = 95 - 92. Let a(n) = y*n**2 + 8*n - 3*n - 3*n**2 - 2 - n**2. What is a(4)?
2
Let o = -3 + 1. Let s(a) be the first derivative of a**6/120 - a**5/30 - a**4/8 + 58*a**2 - 33. Let q(c) be the second derivative of s(c). What is q(o)?
-10
Suppose j - 4*x + 2*x = 1, 2*j - x + 4 = 0. Let p(m) = -27*m + 9*m + 11*m + 4 + 10*m. What is p(j)?
-5
Let z(c) = -3*c**2 + 149*c - 1181. Let w be z(10). Let y(u) = u**2 - 11*u + 13. Give y(w).
-5
Let o(q) = -q**2 + 6*q + 1. Let n(a) = 4*a**2 + a + 51. Let g(r) = -n(r) - 5*o(r). What is g(33)?
10
Let w(a) = 2*a**2 - 2*a + 1. Suppose 24 = 3*d + 5*r - 8, -3*d + 8 = -r. Let l be d/3 + (-56)/(-84). Give w(l).
5
Let j be (36/(-42))/((2 + 0)/(-14)). Let w(k) = -k**2 + 6*k - 3. Let h be w(j). Let b be (-12)/(-9)*h*(0 - -1). Let l(z) = -z**2 + 3. Give l(b).
-13
Let r(j) be the second derivative of 1/2*j**4 + 0*j**3 - 1/20*j**5 - 4*j - 4*j**2 + 0. Suppose 6*y + 2*y - 48 = 0. Give r(y).
-8
Let t(j) be the third derivative of -j**5/60 + j**4/24 - j**3/3 - 69*j**2 - 2*j. Determine t(4).
-14
Let r = 31 - 28. Suppose x = 1 + 14. Let t(j) = 36 - 37 + 11*j - x*j. Determine t(r).
-13
Let v be (9 - 7)*-6 + 